{"id":2,"date":"2022-08-10T12:25:12","date_gmt":"2022-08-10T12:25:12","guid":{"rendered":"https:\/\/sinisoundi.fi\/?page_id=2"},"modified":"2022-11-15T13:08:51","modified_gmt":"2022-11-15T11:08:51","slug":"sample-page","status":"publish","type":"page","link":"https:\/\/sinisoundi.fi\/","title":{"rendered":"Musiikkiterapia"},"content":{"rendered":"\n<p>Musiikki on ihmeellinen maailma. Se on ollut l\u00e4sn\u00e4 ihmiselle aina. Ihmiset ovat laulaneet ja soittaneet ilonsa, surunsa, rakkautensa ja vihansa maailman kuultavaksi kaikenlaisissa olosuhteissa ja erilaisina aikoina. Musiikissa on paljon mahdollisuuksia. Musiikki aktivoi alitajuista, tiedostamatonta mielenmaisemaa. Sen keinoin voidaan sek\u00e4 paljastaa ett\u00e4 parantaa. Musiikin avulla voi k\u00e4sitell\u00e4 vaikeitakin asioita turvallisesti, ik\u00e4\u00e4nkuin symbolisen et\u00e4isyyden p\u00e4\u00e4ss\u00e4 omasta itsest\u00e4. Musiikki luo yhteyden ihmisten v\u00e4lille, musiikki on tunteiden tulkki, musiikki voi antaa esteettisi\u00e4 kokemuksia ja tuottaa mielihyv\u00e4\u00e4, musiikki voi rauhoittaa tai riehaannuttaa, musiikin avulla voi oppia uusia asioita.<\/p>\n\n\n\n<p class=\"has-text-align-center\">Mit\u00e4h\u00e4n s\u00e4 viel\u00e4 kantaa voit<br>korkealla kun noin s\u00e4 soit<br>Ei mit\u00e4\u00e4n tuu niin painavaa<br>et se sinut musertaa<br>Kaunis pieni ihminen<br>s\u00e4 olet ainutlaatuinen<br>Mit\u00e4 vastaan tuleekaan<br>toista sua ei milloinkaan<br><br>&#8211; Markus Koskinen &#8211;<\/p>\n\n\n\n<p><a href=\"https:\/\/sinisoundi.fi\/?page_id=20\">Lue lis\u00e4\u00e4 musiikkiterapiasta &gt;&gt;&gt;<\/a><\/p>\n","protected":false},"excerpt":{"rendered":"<p>Musiikki on ihmeellinen maailma. Se on ollut l\u00e4sn\u00e4 ihmiselle aina. Ihmiset ovat laulaneet ja soittaneet ilonsa, surunsa, rakkautensa ja vihansa maailman kuultavaksi kaikenlaisissa olosuhteissa ja erilaisina aikoina. Musiikissa on paljon mahdollisuuksia. Musiikki aktivoi alitajuista, tiedostamatonta mielenmaisemaa. Sen keinoin voidaan sek\u00e4 paljastaa ett\u00e4 parantaa. Musiikin avulla voi k\u00e4sitell\u00e4 vaikeitakin asioita turvallisesti, ik\u00e4\u00e4nkuin symbolisen et\u00e4isyyden p\u00e4\u00e4ss\u00e4 omasta <a class=\"read-more\" href=\"https:\/\/sinisoundi.fi\/\">READ MORE<\/a><\/p>\n","protected":false},"author":1,"featured_media":0,"parent":0,"menu_order":0,"comment_status":"closed","ping_status":"open","template":"","meta":{"footnotes":""},"class_list":["post-2","page","type-page","status-publish","hentry"],"_links":{"self":[{"href":"https:\/\/sinisoundi.fi\/index.php?rest_route=\/wp\/v2\/pages\/2","targetHints":{"allow":["GET"]}}],"collection":[{"href":"https:\/\/sinisoundi.fi\/index.php?rest_route=\/wp\/v2\/pages"}],"about":[{"href":"https:\/\/sinisoundi.fi\/index.php?rest_route=\/wp\/v2\/types\/page"}],"author":[{"embeddable":true,"href":"https:\/\/sinisoundi.fi\/index.php?rest_route=\/wp\/v2\/users\/1"}],"replies":[{"embeddable":true,"href":"https:\/\/sinisoundi.fi\/index.php?rest_route=%2Fwp%2Fv2%2Fcomments&post=2"}],"version-history":[{"count":14,"href":"https:\/\/sinisoundi.fi\/index.php?rest_route=\/wp\/v2\/pages\/2\/revisions"}],"predecessor-version":[{"id":224,"href":"https:\/\/sinisoundi.fi\/index.php?rest_route=\/wp\/v2\/pages\/2\/revisions\/224"}],"wp:attachment":[{"href":"https:\/\/sinisoundi.fi\/index.php?rest_route=%2Fwp%2Fv2%2Fmedia&parent=2"}],"curies":[{"name":"wp","href":"https:\/\/api.w.org\/{rel}","templated":true}]}}