{"id":163,"date":"2022-10-09T12:39:43","date_gmt":"2022-10-09T10:39:43","guid":{"rendered":"https:\/\/sinisoundi.fi\/?page_id=163"},"modified":"2022-11-14T21:14:36","modified_gmt":"2022-11-14T19:14:36","slug":"kuntoutuspsykoterapia-16-25-vuotiaille","status":"publish","type":"page","link":"https:\/\/sinisoundi.fi\/?page_id=163","title":{"rendered":"Kuntoutuspsykoterapia 16-25 -vuotiaille"},"content":{"rendered":"\n<div class=\"wp-block-columns is-layout-flex wp-container-core-columns-is-layout-9d6595d7 wp-block-columns-is-layout-flex\">\n<div class=\"wp-block-column is-layout-flow wp-block-column-is-layout-flow\" style=\"flex-basis:50%\">\n<p class=\"has-text-align-left\">Joskus el\u00e4m\u00e4ss\u00e4 voi tulla tilanteita, jolloin tarvitsemme erityist\u00e4 tukea el\u00e4m\u00e4ss\u00e4mme esiin tulleisiin haasteisiin ja kysymyksiin. Kelan kuntoutuspsykoterapia voi olla yksi mahdollisuus tutkia ja k\u00e4sitell\u00e4 itse\u00e4 mietitytt\u00e4vi\u00e4 ja vaivaavia asioita. <\/p>\n\n\n\n<p>Kuntoutuspsykoterapiaa (16-67 -vuotiaat) my\u00f6nnet\u00e4\u00e4n vuodeksi kerrallaan. 16-25 -vuotiaille se voi olla my\u00f6s musiikkiterapiaa. Kuntoutuspsykoterapiaa korvataan enint\u00e4\u00e4n 80 kertaa vuodessa ja terapiaa voi Kelan tukemana saada kolmen vuoden ajalta. Terapiakertojen m\u00e4\u00e4r\u00e4 kolmen vuoden aikana on yhteens\u00e4 200 k\u00e4yntikertaa. Kela korvaa musiikkiterapiasta 57,60 \u20ac. Loppuosa terapiahinnasta j\u00e4\u00e4 itsemaksettavaksi.<\/p>\n<\/div>\n\n\n\n<div class=\"wp-block-column is-layout-flow wp-block-column-is-layout-flow\" style=\"flex-basis:50%\">\n<figure class=\"wp-block-image size-large is-resized\"><img loading=\"lazy\" decoding=\"async\" src=\"https:\/\/sinisoundi.fi\/wp-content\/uploads\/2022\/10\/woman-1024x683.jpg\" alt=\"\" class=\"wp-image-169\" width=\"487\" height=\"324\" srcset=\"https:\/\/sinisoundi.fi\/wp-content\/uploads\/2022\/10\/woman-1024x683.jpg 1024w, https:\/\/sinisoundi.fi\/wp-content\/uploads\/2022\/10\/woman-300x200.jpg 300w, https:\/\/sinisoundi.fi\/wp-content\/uploads\/2022\/10\/woman-768x512.jpg 768w, https:\/\/sinisoundi.fi\/wp-content\/uploads\/2022\/10\/woman-1536x1024.jpg 1536w, https:\/\/sinisoundi.fi\/wp-content\/uploads\/2022\/10\/woman.jpg 1920w\" sizes=\"auto, (max-width: 487px) 100vw, 487px\" \/><\/figure>\n<\/div>\n<\/div>\n\n\n\n<p>Kuntoutuspsykoterapiaan tarvitset l\u00e4\u00e4k\u00e4rin l\u00e4hetteen. Yleens\u00e4 psykiatri kirjoittaa t\u00e4m\u00e4n l\u00e4hetteen. L\u00e4hetteen lis\u00e4ksi terapian aloittaminen edellytt\u00e4\u00e4 kolmen kuukauden arviointi- ja hoitojaksoa oman tilanteesi kartoittamiseksi. T\u00e4m\u00e4n jakson aikana keskustelet tilanteestasi l\u00e4\u00e4k\u00e4rin tai muiden sinua hoitavien ammattilaisten kanssa. Ole yhteydess\u00e4 sinua hoitavaan tahoon, esimerkiksi opiskelijaterveydenhuoltoon, saadaksesi lis\u00e4tietoa. Voit olla yhteydess\u00e4 my\u00f6s minuun ja voimme yhdess\u00e4 selvitell\u00e4 kuntoutuspsykoterapiaan liittyvi\u00e4 asioita. <\/p>\n\n\n\n<p>Lis\u00e4tietoa kuntoutuspsykoterapiasta l\u00f6yd\u00e4t Kelan verkkosivustolta: <a href=\"https:\/\/www.kela.fi\/kuntoutuspsykoterapia\">Kuntoutuspsykoterapia &#8211; KELA &gt;&gt;&gt;<\/a><\/p>\n\n\n\n<p>Helsingin yliopistollisen sairaalan yll\u00e4pit\u00e4m\u00e4lt\u00e4 verkkosivustolta mielenterveystalo.fi l\u00f6yd\u00e4t my\u00f6s tietoa hakeutumisesta kuntoutuspykoterapiaan: <a rel=\"noreferrer noopener\" href=\"https:\/\/beta.mielenterveystalo.fi\/fi\/terapia\/nain-hakeudut-psykoterapiaan\" target=\"_blank\">N\u00e4in hakeudut psykoterapiaan &gt;&gt;&gt;<\/a><\/p>\n","protected":false},"excerpt":{"rendered":"<p>Joskus el\u00e4m\u00e4ss\u00e4 voi tulla tilanteita, jolloin tarvitsemme erityist\u00e4 tukea el\u00e4m\u00e4ss\u00e4mme esiin tulleisiin haasteisiin ja kysymyksiin. Kelan kuntoutuspsykoterapia voi olla yksi mahdollisuus tutkia ja k\u00e4sitell\u00e4 itse\u00e4 mietitytt\u00e4vi\u00e4 ja vaivaavia asioita. Kuntoutuspsykoterapiaa (16-67 -vuotiaat) my\u00f6nnet\u00e4\u00e4n vuodeksi kerrallaan. 16-25 -vuotiaille se voi olla my\u00f6s musiikkiterapiaa. Kuntoutuspsykoterapiaa korvataan enint\u00e4\u00e4n 80 kertaa vuodessa ja terapiaa voi Kelan tukemana saada kolmen <a class=\"read-more\" href=\"https:\/\/sinisoundi.fi\/?page_id=163\">READ MORE<\/a><\/p>\n","protected":false},"author":1,"featured_media":0,"parent":0,"menu_order":0,"comment_status":"closed","ping_status":"closed","template":"","meta":{"footnotes":""},"class_list":["post-163","page","type-page","status-publish","hentry"],"_links":{"self":[{"href":"https:\/\/sinisoundi.fi\/index.php?rest_route=\/wp\/v2\/pages\/163","targetHints":{"allow":["GET"]}}],"collection":[{"href":"https:\/\/sinisoundi.fi\/index.php?rest_route=\/wp\/v2\/pages"}],"about":[{"href":"https:\/\/sinisoundi.fi\/index.php?rest_route=\/wp\/v2\/types\/page"}],"author":[{"embeddable":true,"href":"https:\/\/sinisoundi.fi\/index.php?rest_route=\/wp\/v2\/users\/1"}],"replies":[{"embeddable":true,"href":"https:\/\/sinisoundi.fi\/index.php?rest_route=%2Fwp%2Fv2%2Fcomments&post=163"}],"version-history":[{"count":20,"href":"https:\/\/sinisoundi.fi\/index.php?rest_route=\/wp\/v2\/pages\/163\/revisions"}],"predecessor-version":[{"id":214,"href":"https:\/\/sinisoundi.fi\/index.php?rest_route=\/wp\/v2\/pages\/163\/revisions\/214"}],"wp:attachment":[{"href":"https:\/\/sinisoundi.fi\/index.php?rest_route=%2Fwp%2Fv2%2Fmedia&parent=163"}],"curies":[{"name":"wp","href":"https:\/\/api.w.org\/{rel}","templated":true}]}}